.
203000244
627610 (base 10) to base 8
2311632
Convert -140047 (base 12) to base 2.
-1010001000000110111
-43032214 (base 6) to base 3
-2101020001001
798708 (base 10) to base 13
21c711
What is -79135 (base 14) in base 13?
-a399c
What is 1504b81 (base 13) in base 4?
121202102022
Convert 56e73 (base 16) to base 2.
1010110111001110011
Convert 3255413 (base 6) to base 2.
100111110110100001
What is 7c0d9 (base 14) in base 3?
120100022100
What is 11011100011010001001 (base 2) in base 10?
902793
Convert 2994 (base 15) to base 5.
241124
Convert -41142141 (base 5) to base 15.
-68e9b
86444 (base 10) to base 14
23708
Convert -421022014 (base 5) to base 10.
-1735884
346701 (base 9) to base 7
1525246
Convert 1304201 (base 5) to base 15.
7886
What is -19a827 (base 12) in base 6?
-13421251
Convert 496c85 (base 13) to base 11.
aa0514
-101001111000010010 (base 2) to base 6
-3402054
Convert d10ae6 (base 15) to base 9.
20606440
Convert -1a18070 (base 11) to base 10.
-3407437
Convert -6cba2 (base 15) to base 4.
-1110223331
What is 45453234 (base 6) in base 13?
3993ac
-6902324 (base 11) to base 8
-56055324
-20000212010102 (base 3) to base 13
-883064
4471770 (base 8) to base 16
1273f8
What is -1012000110010 (base 3) in base 2?
-10011001110110100111
What is -244451 (base 6) in base 8?
-52417
What is 221210101100112 (base 3) in base 7?
224335565
-1020211210020 (base 3) to base 2
-10100010101000100110
7a99a (base 12) to base 16
28006
Convert 2020746 (base 10) to base 2.
111101101010110001010
What is -317388 (base 9) in base 7?
-1415261
Convert -2400401341 (base 5) to base 8.
-24721777
Convert 3045502 (base 8) to base 7.
6563655
What is -14134122 (base 6) in base 5?
-110313023
Convert 201201001 (base 4) to base 7.
1111144
-276263 (base 9) to base 12
-816b6
What is -571992 (base 10) in base 8?
-2135130
Convert -102011112201020 (base 3) to base 2.
-10110101001000011001100
Convert 410053432 (base 6) to base 15.
935b62
What is -1010110101010100 (base 2) in base 16?
-ad54
336583 (base 13) to base 8
4502400
85201 (base 9) to base 15
11a31
-15d36 (base 16) to base 15
-1b74d
What is 1032101101 (base 4) in base 6?
10512121
What is 11111011000111000011 (base 2) in base 6?
34013443
-10202022001100 (base 3) to base 13
-54a6c2
What is -4164317 (base 9) in base 4?
-20133302122
Convert -10000001011001000111001 (base 2) to base 11.
-2436581
What is -405531045 (base 6) in base 9?
-14141002
What is -1516613 (base 7) in base 8?
-623157
Convert 446a656 (base 11) to base 16.
778347
What is -313527 (base 8) in base 11?
-7138a
Convert 3441431 (base 5) to base 15.
13611
Convert 944785 (base 10) to base 6.
32130001
What is 504144 (base 7) in base 5?
10213423
11747 (base 16) to base 15
162b5
What is -23100200 (base 5) in base 15?
-411d5
What is -2d0ef5 (base 16) in base 5?
-1223443244
What is -41743 (base 8) in base 10?
-17379
What is -174693 (base 13) in base 8?
-2157026
Convert -1cc9d5 (base 16) to base 13.
-5109a0
Convert 192a927 (base 14) to base 5.
11143213043
Convert -50041562 (base 7) to base 5.
-2024043301
Convert -21044143 (base 6) to base 14.
-11d39d
Convert -2012112201111 (base 3) to base 4.
-10132020331
Convert -808e (base 16) to base 4.
-20002032
What is 40443315 (base 7) in base 5?
1330402232
Convert 223200120022 (base 4) to base 5.
10404423220
Convert 11130100201 (base 4) to base 5.
331121330
Convert 4613117 (base 8) to base 15.
19a980
-412224022 (base 5) to base 12
-6901a7
Convert 31337 (base 10) to base 11.
215a9
What is -33211020212 (base 4) in base 12?
-144b6b2
3795696 (base 10) to base 6
213204400
-10000110110011101010 (base 2) to base 7
-4456553
What is 2304416 (base 8) in base 11?
397560
Convert -b1ab93 (base 13) to base 4.
-33301330131
What is 2155723 (base 8) in base 13?
174339
Convert 2321256 (base 7) to base 12.
1204a3
200024413 (base 5) to base 13
2155a1
Convert -1828171 (base 11) to base 6.
-150240150
178788 (base 11) to base 16
432b9
562c23 (base 14) to base 16
2cab7f
10d3c98 (base 14) to base 3
120010110100021
Convert -10100011001011111 (base 2) to base 5.
-10133201
Convert -a71289 (base 11) to base 6.
-100430135
4920823 (base 10) to base 6
253245331
What is 102331144 (base 6) in base 5?
430103144
Convert -761b64 (base 13) to base 12.
-b1978b
What is -1242421 (base 7) in base 6?
-3244524
-10b3c6 (base 13) to base 14
-a450d
Convert -102223201 (base 5) to base 14.
-b28c1
-1222102221 (base 3) to base 14
-102ab
Convert -21200001201 (base 3) to base 7.
-1166041
What is 16ec72 (base 16) in base 14?
2b16ca
8b40a (base 12) to base 5
21413412
21221200012210 (base 3) to base 5
2040203230
-300834 (base 10) to base 7
-2362032
-32516460 (base 8) to base 11
-3a4252a
Convert -12021020202 (base 3) to base 13.
-3827c
Convert -4021000 (base 5) to base 8.
-174603
What is 13033133 (base 6) in base 5?
102040442
Convert -3022762 (base 8) to base 16.
-c25f2
Convert 1240654 (base 7) to base 2.
100111010110110000
Convert -10100000101101011000100 (base 2) to base 14.
-9b11d2
Convert -100110100101010010111011 (base 2) to base 13.
-2131871
Convert -1db19 (base 15) to base 6.
-2025023
What is 236858 (base 13) in base 7?
10110236
-598671 (base 10) to base 7
-5042253
What is 273b7c (base 13) in base 14?
1aa854
What is -10546614 (base 8) in base 15?
-300c14
-4153685 (base 9) to base 4
-20132011100
-5a2c11 (base 14) to base 16
-2f03af
Convert -4005020 (base 7) to base 15.
-94e35
-3ddd8 (base 14) to base 16
-2583a
-101110011000110 (base 2) to base 13
-aa6c
-1301355 (base 12) to base 15
-4db8a5
4201907 (base 10) to base 8
20016663
What is 4372774 (base 8) in base 14?
228d76
What is -60056 (base 16) in base 2?
-1100000000001010110
-1011000111110011101 (base 2) to base 3
-200111220222
What is -4264663 (base 8) in base 13?
-30c565
What is -28aa85 (base 12) in base 4?
-2212212011
4658a (base 14) to base 4
221303132
-20210011320 (base 4) to base 9
-4201476
2211222200 (base 3) to base 11
39192
Convert -320528 (base 13) to base 15.
-182355
Convert -a8953 (base 16) to base 2.
-10101000100101010011
Convert -20301420 (base 5) to base 2.
-101000011111100100
Convert 133330333323 (base 4) to base 9.
16676126
-94aa04 (base 12) to base 13
-63c7cc
What is 322314 (base 8) in base 16?
1a4cc
Convert 16f8c (base 16) to base 5.
11002332
Convert -2a53153 (base 11) to base 8.
-23750641
-1243216 (base 7) to base 12
-79907
What is 176237 (base 9) in base 12?
5348a
Convert 10111011101001111 (base 2) to base 4.
113131033
What is 31210 (base 8) in base 5?
403221
Convert -cce25 (base 15) to base 16.
-9efb1
What is -121331100113 (base 4) in base 14?
-c91abd
-1102010210012 (base 3) to base 7
-6244445
Convert -2557777 (base 8) to base 15.
-e1288
What is 152051535 (base 6) in base 10?
3179507
What is -800e14 (base 15) in base 14?
-b4310d
What is -1000100111100110110 (base 2) in base 6?
-10015302
What is -227306 (base 11) in base 4?
-1120021232
What is -5b09 (base 13) in base 9?
-18561
Convert 13012313112 (base 4) to base 12.
75a246
Convert 160d7 (base 16) to base 7.
524226
Convert 13401200 (base 5) to base 9.
228762
14d63 (base 15) to base 5
4122033
-23020342 (base 6) to base 8
-2534146
-26541 (base 11) to base 15
-b37d
What is -30332023 (base 4) in base 5?
-3200011
-127577 (base 11) to base 6
-4143255
Convert -110000200201201 (base 3) to base 10.
-6390946
What is 314133334 (base 6) in base 12?
1a2124a
Convert 8414188 (base 11) to base 4.
320212102022
What is 21da3c8 (base 14) in base 9?
33305600
-213140 (base 8) to base 4
-101121200
-195676 (base 10) to base 11
-124018
Convert -1001011111111100010 (base 2) to base 8.
-1137742
1760480 (base 11) to base 7
34251302
What is -2101221202201 (base 3) in base 6?
-43222544
Convert -10010111000111011101011 (base 2) to base 10.
-4951787
What is 52054 (base 16) in base 11?
20a455
Convert -102101303 (base 5) to base 10.
-425203
Convert -120443341 (base 5) to base 7.
-4531331
Convert 1252783 (base 9) to base 11.
428262
What is 2224401014 (base 5) in base 8?
22607144
Convert -25a99 (base 11) to base 13.
-13c5a
-836c0 (base 14) to base 11
-1a7105
34544323 (base 6) to base 14
1dc6a7
Convert 20213512 (base 6) to base 2.
10001101000000010100
What is -17101 (base 14) in base 15?
-121eb
What is -7441512 (base 8) in base 7?
-22600143
Convert -20131310 (base 7) to base 8.
-6300651
-a98412 (base 11) 